i - 128. What is the highest common divisor of 40 and i?
8
Let d = 13 - 13. Suppose d = -3*h - 6. Let s = 9 - h. Calculate the greatest common factor of s and 99.
11
Let v(f) = -17*f + 4*f - 5 - 10 - f**2. Let c be v(-11). Suppose 23*y - 20*y - 42 = 0. What is the greatest common factor of y and c?
7
Suppose -22 = y - 75. Suppose 5*f - i - 24 = 25, -5*f = 3*i - y. Let w be (15/f)/((-3)/(-50)). Calculate the highest common factor of 5 and w.
5
Let d be (-3 - -1)/((-10)/175). Calculate the greatest common factor of 10 and d.
5
Let u(v) = -v**3 + 5*v**2 - 4*v + 1. Let t be u(3). Suppose -77 = 104*c - 115*c. What is the greatest common divisor of c and t?
7
Let u = 73 + -70. Suppose 0 = -u*s - 2*s + 5. Calculate the greatest common factor of 7 and s.
1
Let p(n) = 6*n + 51. Let f(r) = -3*r - 25. Let k(a) = 9*f(a) + 4*p(a). Let t be k(-11). Calculate the greatest common factor of 96 and t.
12
Let j = 49 + -47. Suppose 0 = 4*m + 5*d - 385, 5*m - j*d - 473 = -0*d. What is the highest common divisor of 19 and m?
19
Let s = -41 + 9. Let t = s - -72. Calculate the highest common factor of t and 8.
8
Let u be (1140/(-30))/(4/(-16)). Calculate the greatest common divisor of 722 and u.
38
Let g = -334 + 904. Calculate the greatest common factor of g and 30.
30
Let n be 10/(-3)*(-12)/(-8) + 21. Let r be (22/2)/((-2)/(-32)). What is the highest common factor of r and n?
16
Suppose a = 9 + 4. Let z be (8/(-6))/(2/(-3)). Suppose -55 = -z*s + 23. What is the highest common factor of a and s?
13
Let z(a) = -a**3 - 22*a**2 + 17*a - 2. Let y be z(-24). What is the greatest common factor of y and 106?
106
Let p(r) = r**3 + 6*r**2 + 2. Let s be p(-6). Suppose 4*v = -w + 12, s*w = 6*w - v - 14. What is the greatest common factor of 12 and w?
4
Suppose -3*a + 4*a + 25 = -4*n, n = -3*a - 9. Let w be (-4)/n - (-13)/3. Calculate the greatest common factor of 5 and w.
5
Let b = -430 + 530. Calculate the highest common divisor of b and 270.
10
Let x = 77 - 13. Suppose 0*b + 4*b - 62 = -5*r, 0 = 5*r + 3*b - x. Suppose 163 - 933 = -5*s. What is the highest common factor of r and s?
14
Let h(s) = -s**2 - 45*s - 7. Let t be h(-3). What is the highest common divisor of t and 119?
119
Let y be 80/(-2 + (-20)/(-8)). Calculate the greatest common divisor of y and 20.
20
Suppose 2*c + 0*c = 1120. Let h be ((-27)/(-6))/(21/c). What is the highest common factor of h and 8?
8
Let i be (-30 - -2)/(1/(-2)). Let m(x) = -x - 5 + 5 + 0*x - 2. Let y be m(-9). What is the greatest common divisor of y and i?
7
Let m(q) = -5*q**2 + 36*q - 50. Let f(a) = -3*a**2 + 24*a - 33. Let w(l) = -8*f(l) + 5*m(l). Let o be w(-10). What is the highest common divisor of 119 and o?
17
Let y(l) = -l**3 - 27*l**2 - 70*l + 54. Let u be y(-24). What is the greatest common divisor of 12 and u?
6
Let j(q) be the third derivative of -q**6/120 + q**5/60 - q**4/24 + 5*q**3 - 11*q**2. Let t be j(0). Calculate the highest common factor of t and 20.
10
Let c(d) = d**3 + 20*d**2 - 3*d - 30. Let g be ((-8)/10)/((-2)/(-50)). Let v be c(g). Calculate the highest common factor of v and 75.
15
Let i = 48 + -25. Let s(v) = -v**3 - 39*v**2 - 2*v + 37. Let u be s(-39). Calculate the greatest common factor of i and u.
23
Suppose f = 4*l + 129, -7*f + 5*l - 111 = -8*f. Let s(m) = -m**3 - 5*m**2 - m + 6. Let o be s(-5). Calculate the greatest common factor of f and o.
11
Let o = 756 - 468. What is the highest common divisor of o and 32?
32
Let q be (-10 + 9)/((-2)/10). Suppose 5*k = 15, 4*n - 3 = n + q*k. Suppose 4 + 4 = v + 2*t, v = -4*t + 10. Calculate the highest common factor of v and n.
6
Let j(h) = 977*h + 3. Let x be j(1). Calculate the greatest common factor of 70 and x.
70
Let d = -151 + 285. Suppose 5*a = d + 106. What is the highest common divisor of 32 and a?
16
Let d be 1/(-2 + 2 + -1). Let g be (174/(-8))/(d/4). Suppose 3*h - g = 78. Calculate the highest common factor of h and 5.
5
Let j(f) = -42*f - 108. Let q be j(-4). What is the highest common divisor of q and 40?
20
Suppose -g - 1 + 5 = 0. Let k(r) = 61*r - 19 + 4*r**2 + r**3 - 49*r + 47 + 9*r**2. Let f be k(-12). Calculate the greatest common divisor of g and f.
4
Suppose 4*c - 556 = -36. Let s be 1 + -1 + 27 + (-43)/43. What is the highest common divisor of s and c?
26
Suppose 95 = 5*x - 3*n, -17 = -3*x - 3*n + 40. Suppose 18*t - 19*t = -x. What is the greatest common divisor of t and 247?
19
Let x = -70 - -74. Let r(d) be the first derivative of 7*d**2 + 4*d + 2. Let l be r(x). What is the highest common divisor of l and 15?
15
Let d(l) = l**2 - 22*l - 19. Let i be d(23). Let s(b) = 5*b**2 + 4*b + 2. Let q be s(i). What is the highest common divisor of 14 and q?
14
Let j be ((-98)/(-63))/(-7)*-18. Suppose 128 = 4*g + j*g. Suppose 3*h - 96 - 12 = -4*b, 5*b + 113 = 4*h. What is the highest common factor of h and g?
16
Let g be (0/2)/(-14 + 13). Suppose -3*m + 77 - 59 = g. Calculate the highest common divisor of 4 and m.
2
Let u be 14/3*(-1 + 34). Let g = 253 - u. Calculate the greatest common divisor of 9 and g.
9
Let n be (-221)/(-5) - (-18)/(-90). Calculate the highest common divisor of 242 and n.
22
Let b(d) = d**3 + 25*d**2 - 54*d + 13. Let s be b(-27). What is the highest common factor of s and 1?
1
Suppose 5*f - 2*m = 978, 16 = -6*m + 2*m. Let g = f - 122. Suppose g = -t + 5*t. What is the greatest common factor of 2 and t?
2
Let j be (2 + 1)*(-6)/9. Let l(q) = -13*q + 1. Let y(i) = -14*i + 2. Let n(u) = 3*l(u) - 2*y(u). Let b be n(j). What is the greatest common factor of 189 and b?
21
Let w be 54/8*48/9. Let t be 33 + 7363/(-222) + 650/12 + 0. Calculate the greatest common factor of w and t.
18
Let o = 703 + -673. Calculate the highest common divisor of 240 and o.
30
Let d(a) = -20*a + 580. Let g be d(20). Calculate the highest common divisor of 100 and g.
20
Let b(c) = c**2 - 5*c - 25. Let x be b(8). Let m be 1/x + (5 - (-115 + -1)). Calculate the highest common factor of m and 40.
40
Let t(b) = b**3 + 11*b**2 - 40*b - 483. Let g be t(-10). What is the greatest common divisor of g and 153?
17
Let o be 2 + -2 + 25*(189/5)/9. Suppose -n - 2 = -4*z - 4, -12 = -3*z. Let s = 60 - n. Calculate the highest common divisor of s and o.
21
Let m(r) = -r**3 + 32*r**2 + 71*r - 47. Let q be m(34). Let g = -9 - -31. Calculate the greatest common factor of g and q.
11
Suppose 5*b + 2*a - 671 = 0, 4*a = 9*b - 7*b - 254. Calculate the greatest common divisor of 95 and b.
19
Let t be (44/(-10))/(1898/190 - 10). What is the highest common factor of 22 and t?
22
Let a(t) = -t**3 + 17*t**2 - 16*t + 5. Let q be a(16). Suppose -15 = -3*i + 4*b, -5*b - 19 = -5*i + 6. Calculate the greatest common factor of i and q.
5
Let n = -85 - -136. Suppose 3*s = -l + 5*l - n, -5*s - 17 = -l. Calculate the highest common divisor of 8 and l.
4
Let f = 49 + -51. Let w be 6/(-5)*f*65/26. Calculate the greatest common divisor of w and 15.
3
Let a(u) = 3*u**2 + 47*u + 72. Let m be a(-21). What is the greatest common divisor of m and 24?
24
Let x(m) = m**2 + 7*m - 7. Let n be x(-20). Suppose 5*s = -2*t + 5*t + n, -5*t = -s + 55. What is the highest common divisor of s and 10?
10
Suppose -7*a = -2*a - 5*f - 95, 0 = -5*f - 15. Suppose -373*g + 380*g = 1008. Calculate the greatest common factor of g and a.
16
Let b be 4/5*(225/10)/9. Suppose b*z + s + s - 16 = 0, 0 = -4*z + s + 27. Calculate the greatest common factor of 14 and z.
7
Let s be 7*((-1)/1 - -5). Suppose 0 = 49*t - 6*t - 1204. What is the highest common factor of s and t?
28
Suppose -3*x - 2*j = 3 - 39, 0 = -3*j - 9. Suppose x*n - 10*n = 196. What is the highest common factor of 7 and n?
7
Suppose 49 + 53 = 6*m. Calculate the greatest common divisor of 153 and m.
17
Suppose -7*u + 71 = -118. Calculate the highest common factor of 1 and u.
1
Suppose -1686 = 5*w - 2*l, -4*l + 1167 = -5*w - 525. Suppose -3*o - 1797 = d, -d + 262 = o + 859. Let a = w - o. What is the highest common divisor of a and 24?
24
Let i be (-586)/(-8) + (-5)/(140/7). Calculate the greatest common factor of 292 and i.
73
Let l(h) = -h**3 - 3*h**2 + 1. Let i be l(-1). Let n be (-4 - i) + 515/5. Calculate the highest common divisor of n and 40.
20
Suppose 0 = -5*n + 3 + 12. Let w be -1 - ((2 - 8) + n). Calculate the greatest common factor of 6 and w.
2
Suppose -6*v